{"id":2,"date":"2019-06-05T11:39:57","date_gmt":"2019-06-05T11:39:57","guid":{"rendered":"http:\/\/www.tempusconsulting.fi\/?page_id=2"},"modified":"2021-05-18T15:42:08","modified_gmt":"2021-05-18T15:42:08","slug":"sample-page","status":"publish","type":"page","link":"https:\/\/www.tempusconsulting.fi\/","title":{"rendered":""},"content":{"rendered":"\n<p>Tervetuloa Tempus Consultingin kotisivulle!<\/p>\n\n\n\n<p><br>P\u00e4\u00e4tuotteemme on porrask\u00e4yt\u00e4vien sivusein\u00e4kkeet kerros- ja rivitaloihin.&nbsp; Niill\u00e4 saat edustavuuden lis\u00e4ksi my\u00f6s selv\u00e4\u00e4 k\u00e4yt\u00e4nn\u00f6n hy\u00f6ty\u00e4. Mm. ambulanssit ja taksit l\u00f6yt\u00e4v\u00e4t sein\u00e4kkeen opastamana nopeasti ja helposti perille. Antaapa sivusein\u00e4ke my\u00f6s tuulensuojaa sek\u00e4 hieman lis\u00e4valoa erityisesti talviaikoina.<br><br>Tyypillisesti sivusein\u00e4kkeet asennetaan samoihin aikoihin, kun taloyhti\u00f6ss\u00e4 tehd\u00e4\u00e4n muutakin peruskorjausta. Julkisivuremontin yhteydess\u00e4 sivusein\u00e4ke antaa lis\u00e4tyylikkyytt\u00e4 lopputulokseen.<br><br>Sivusein\u00e4kkeen runkomateriaali on t\u00e4ytt\u00e4 alumiinia, joten se kest\u00e4\u00e4 s\u00e4\u00e4t\u00e4 erinomaisen hyvin. Jotta sein\u00e4ke sulautuu ymp\u00e4rist\u00f6\u00f6ns\u00e4 hyvin, se maalataan aina halutuun s\u00e4vyyn. Sein\u00e4kett\u00e4 on my\u00f6s helppo k\u00e4sitell\u00e4, koska se painaa paljon v\u00e4hemm\u00e4n kuin jos runko olisi tehty vaikkapa ter\u00e4ksest\u00e4. <\/p>\n\n\n\n<p>Sein\u00e4kkeen maitolasi on UV-suojattua muovia, joten my\u00f6s se kest\u00e4\u00e4 s\u00e4\u00e4t\u00e4 hyvin. Maitolasi on sein\u00e4kkeen molemmilla puolilla ja molemmilla puolilla on my\u00f6s haluttu merkki esimerkiksi numero tai kirjain.<\/p>\n\n\n\n<p>Sein\u00e4kkeen sis\u00e4ll\u00e4 valoa antamassa on r\u00e4\u00e4t\u00e4l\u00f6ity led-nauha. Nauhan teho on noin puolet nauhan normaalista nimellistehosta ja se takaa, ett\u00e4 valoa tulee pitk\u00e4\u00e4n.<br><br>Sein\u00e4kkeit\u00e4 asennettuna voi n\u00e4hd\u00e4 parhaiten Turussa osoitteessa Riutojankatu 1.<br><\/p>\n\n\n\n<figure class=\"wp-block-image size-large\"><img loading=\"lazy\" width=\"575\" height=\"1024\" src=\"https:\/\/www.tempusconsulting.fi\/wp-content\/uploads\/2021\/05\/Sivuseinake-mainos-575x1024.jpg\" alt=\"\" class=\"wp-image-14\" srcset=\"https:\/\/www.tempusconsulting.fi\/wp-content\/uploads\/2021\/05\/Sivuseinake-mainos-575x1024.jpg 575w, https:\/\/www.tempusconsulting.fi\/wp-content\/uploads\/2021\/05\/Sivuseinake-mainos-168x300.jpg 168w, https:\/\/www.tempusconsulting.fi\/wp-content\/uploads\/2021\/05\/Sivuseinake-mainos-768x1368.jpg 768w, https:\/\/www.tempusconsulting.fi\/wp-content\/uploads\/2021\/05\/Sivuseinake-mainos-863x1536.jpg 863w, https:\/\/www.tempusconsulting.fi\/wp-content\/uploads\/2021\/05\/Sivuseinake-mainos-1150x2048.jpg 1150w, https:\/\/www.tempusconsulting.fi\/wp-content\/uploads\/2021\/05\/Sivuseinake-mainos-scaled.jpg 1438w\" sizes=\"(max-width: 575px) 100vw, 575px\" \/><\/figure>\n\n\n\n<p><br>Ota yhteytt\u00e4 ja katsotaan teid\u00e4n taloyhti\u00f6llenne sopiva sein\u00e4ke!<\/p>\n\n\n\n<p>Yhteydenotot:<br>Ari Matikainen<br>Jousitarha 10<br>20380 Turku<br>P. 0453 464646<br>S\u00e4hk\u00f6posti: ari.matikainen@gmail.com<\/p>\n\n\n\n<figure class=\"wp-block-image size-large\"><img loading=\"lazy\" width=\"768\" height=\"1024\" src=\"https:\/\/www.tempusconsulting.fi\/wp-content\/uploads\/2021\/05\/IMG_20210510_202604-768x1024.jpg\" alt=\"\" class=\"wp-image-81\" srcset=\"https:\/\/www.tempusconsulting.fi\/wp-content\/uploads\/2021\/05\/IMG_20210510_202604-768x1024.jpg 768w, https:\/\/www.tempusconsulting.fi\/wp-content\/uploads\/2021\/05\/IMG_20210510_202604-225x300.jpg 225w, https:\/\/www.tempusconsulting.fi\/wp-content\/uploads\/2021\/05\/IMG_20210510_202604-1152x1536.jpg 1152w, https:\/\/www.tempusconsulting.fi\/wp-content\/uploads\/2021\/05\/IMG_20210510_202604-1536x2048.jpg 1536w, https:\/\/www.tempusconsulting.fi\/wp-content\/uploads\/2021\/05\/IMG_20210510_202604-scaled.jpg 1920w\" sizes=\"(max-width: 767px) 89vw, (max-width: 1000px) 54vw, (max-width: 1071px) 543px, 580px\" \/><\/figure>\n\n\n\n<figure class=\"wp-block-image size-large\"><img loading=\"lazy\" width=\"768\" height=\"1024\" src=\"https:\/\/www.tempusconsulting.fi\/wp-content\/uploads\/2021\/05\/IMG_20210510_202629-768x1024.jpg\" alt=\"\" class=\"wp-image-82\" srcset=\"https:\/\/www.tempusconsulting.fi\/wp-content\/uploads\/2021\/05\/IMG_20210510_202629-768x1024.jpg 768w, https:\/\/www.tempusconsulting.fi\/wp-content\/uploads\/2021\/05\/IMG_20210510_202629-225x300.jpg 225w, https:\/\/www.tempusconsulting.fi\/wp-content\/uploads\/2021\/05\/IMG_20210510_202629-1152x1536.jpg 1152w, https:\/\/www.tempusconsulting.fi\/wp-content\/uploads\/2021\/05\/IMG_20210510_202629-1536x2048.jpg 1536w, https:\/\/www.tempusconsulting.fi\/wp-content\/uploads\/2021\/05\/IMG_20210510_202629-scaled.jpg 1920w\" sizes=\"(max-width: 767px) 89vw, (max-width: 1000px) 54vw, (max-width: 1071px) 543px, 580px\" \/><\/figure>\n\n\n\n<figure class=\"wp-block-image size-large\"><img loading=\"lazy\" width=\"768\" height=\"1024\" src=\"https:\/\/www.tempusconsulting.fi\/wp-content\/uploads\/2021\/05\/IMG_20210510_204209-768x1024.jpg\" alt=\"\" class=\"wp-image-84\" srcset=\"https:\/\/www.tempusconsulting.fi\/wp-content\/uploads\/2021\/05\/IMG_20210510_204209-768x1024.jpg 768w, https:\/\/www.tempusconsulting.fi\/wp-content\/uploads\/2021\/05\/IMG_20210510_204209-225x300.jpg 225w, https:\/\/www.tempusconsulting.fi\/wp-content\/uploads\/2021\/05\/IMG_20210510_204209-1152x1536.jpg 1152w, https:\/\/www.tempusconsulting.fi\/wp-content\/uploads\/2021\/05\/IMG_20210510_204209-1536x2048.jpg 1536w, https:\/\/www.tempusconsulting.fi\/wp-content\/uploads\/2021\/05\/IMG_20210510_204209-scaled.jpg 1920w\" sizes=\"(max-width: 767px) 89vw, (max-width: 1000px) 54vw, (max-width: 1071px) 543px, 580px\" \/><\/figure>\n\n\n\n<p>#porrask\u00e4yt\u00e4v\u00e4 #rappuk\u00e4yt\u00e4v\u00e4 #taloyhti\u00f6 #sivusein\u00e4ke #sivusein\u00e4kkeet #kerrostalo #rivitalo #ambulanssi #taksi #tuulensuoja #alumiini<\/p>\n","protected":false},"excerpt":{"rendered":"<p>Tervetuloa Tempus Consultingin kotisivulle! P\u00e4\u00e4tuotteemme on porrask\u00e4yt\u00e4vien sivusein\u00e4kkeet kerros- ja rivitaloihin.&nbsp; Niill\u00e4 saat edustavuuden lis\u00e4ksi my\u00f6s selv\u00e4\u00e4 k\u00e4yt\u00e4nn\u00f6n hy\u00f6ty\u00e4. Mm. ambulanssit ja taksit l\u00f6yt\u00e4v\u00e4t sein\u00e4kkeen opastamana nopeasti ja helposti perille. Antaapa sivusein\u00e4ke my\u00f6s tuulensuojaa sek\u00e4 hieman lis\u00e4valoa erityisesti talviaikoina. Tyypillisesti sivusein\u00e4kkeet asennetaan samoihin aikoihin, kun taloyhti\u00f6ss\u00e4 tehd\u00e4\u00e4n muutakin peruskorjausta. Julkisivuremontin yhteydess\u00e4 sivusein\u00e4ke antaa lis\u00e4tyylikkyytt\u00e4 lopputulokseen. &hellip; <\/p>\n<p class=\"link-more\"><a href=\"https:\/\/www.tempusconsulting.fi\/\" class=\"more-link\">Jatka lukemista<span class=\"screen-reader-text\"> &#8221;&#8221;<\/span><\/a><\/p>\n","protected":false},"author":1,"featured_media":0,"parent":0,"menu_order":0,"comment_status":"closed","ping_status":"open","template":"","meta":[],"_links":{"self":[{"href":"https:\/\/www.tempusconsulting.fi\/index.php\/wp-json\/wp\/v2\/pages\/2"}],"collection":[{"href":"https:\/\/www.tempusconsulting.fi\/index.php\/wp-json\/wp\/v2\/pages"}],"about":[{"href":"https:\/\/www.tempusconsulting.fi\/index.php\/wp-json\/wp\/v2\/types\/page"}],"author":[{"embeddable":true,"href":"https:\/\/www.tempusconsulting.fi\/index.php\/wp-json\/wp\/v2\/users\/1"}],"replies":[{"embeddable":true,"href":"https:\/\/www.tempusconsulting.fi\/index.php\/wp-json\/wp\/v2\/comments?post=2"}],"version-history":[{"count":55,"href":"https:\/\/www.tempusconsulting.fi\/index.php\/wp-json\/wp\/v2\/pages\/2\/revisions"}],"predecessor-version":[{"id":105,"href":"https:\/\/www.tempusconsulting.fi\/index.php\/wp-json\/wp\/v2\/pages\/2\/revisions\/105"}],"wp:attachment":[{"href":"https:\/\/www.tempusconsulting.fi\/index.php\/wp-json\/wp\/v2\/media?parent=2"}],"curies":[{"name":"wp","href":"https:\/\/api.w.org\/{rel}","templated":true}]}}